 the prime factors of (-121)/(-7) - q/28.
17
Suppose 17*q = 379 + 2919. List the prime factors of q.
2, 97
Let c(x) = x**2 - 10*x - 11. Let f be c(8). Let u = -11 - f. List the prime factors of u.
2
Let p(f) = 5*f**2 - 1. Let z be p(-3). List the prime factors of (-4)/(-22) + 212/z.
5
Suppose -2*p - n = -85, 5*n + 17 = -8. Let a = p + 3. What are the prime factors of a?
2, 3
Let w(h) = -h**3 + 5*h**2 - 4*h. Suppose 0*o + 2*o = -2*z + 16, 0 = z - 3*o + 8. Let b be w(z). Suppose b = m - 1 - 5. List the prime factors of m.
2, 3
Suppose 17 + 7 = 4*p. What are the prime factors of p?
2, 3
Let m(h) be the second derivative of -h**5/20 - h**4/4 + h**3 - h**2/2 + 3*h. Let g be -1*(-2)/(-4)*10. List the prime factors of m(g).
19
What are the prime factors of 2 - (0 - 0 - 268 - 0)?
2, 3, 5
Suppose -4*h = 2*n + 218, 3*h + 2*n = 22 - 186. What are the prime factors of (h/12)/((-6)/16)?
2, 3
Suppose 6*m - m - 150 = 0. Let f = -18 + m. List the prime factors of f.
2, 3
Let u(v) = -9*v**2 - 9*v + 2. Let h(m) = -10*m**2 - 10*m + 3. Let w(x) = 5*h(x) - 6*u(x). Let g(o) = o - 4. Let p be g(2). List the prime factors of w(p).
11
Suppose 5*y - 1 = -31. Let u(t) = -t**2 + 11*t - 7. Let s be u(9). Let i = s + y. What are the prime factors of i?
5
Suppose 0 = -8*d + 16. What are the prime factors of d?
2
Let d = -2 + 2. Suppose -2*v - 3*n = -d*n + 6, -7 = -v + n. Suppose 5*f - 10 = v*f. List the prime factors of f.
5
Let n(h) = -h + 1. Suppose s - 6 = 3*s - 2*z, 2*s = 3*z - 6. Let u be n(s). Suppose -5*m + 4*g = -52, u*g - 5*g = 3*m - 21. List the prime factors of m.
2
Let v be (11 - (-2 + 4)) + -1. Suppose -9*a + 5*a = -v. List the prime factors of a.
2
Let o be 15/6 + 1/2. Suppose 0 = -2*k - s + 7 - 1, -k + 3*s + o = 0. Suppose 4*l - 2 = -p + k*l, -5*l = 0. What are the prime factors of p?
2
Let h(t) = t**3 + t**2 + t + 2. Let d be h(-2). Let q be (-11 + 2)*d/6. Let k = -3 + q. What are the prime factors of k?
3
Let r = -22 + 31. List the prime factors of r.
3
Suppose t + 1 = -1. Let r be ((-68)/(-3))/(t/(-3)). Suppose -r = -9*k + 7*k. What are the prime factors of k?
17
Suppose d + 99 = 4*i, -7*i + 4*i = -3*d - 63. Suppose r = i - 3. What are the prime factors of r?
23
Let m(z) = -16*z + 7. Let b(h) = -47*h + 20. Let g(v) = -6*b(v) + 17*m(v). What are the prime factors of g(3)?
29
Let d = 13 - 8. Suppose d*l + 115 = 5*y, -2*l = -3*y - 4*l + 44. Let f = 30 - y. What are the prime factors of f?
2, 3
Let v(a) = 31*a + 2. What are the prime factors of v(2)?
2
Let g(h) be the first derivative of -h**3/3 + 7*h**2/2 - 7*h - 3. List the prime factors of g(5).
3
Let b(c) = -c + 8. Let m(k) = -k. Let v be m(-2). Suppose -2*t - 2*y - 4 + v = 0, -2*t - 3*y + 3 = 0. What are the prime factors of b(t)?
2, 7
Suppose -2*m = -3*x - 12, x - 12 = -2*m + 2*x. Let q = -2 + m. What are the prime factors of q?
2
List the prime factors of -2 - (140/(-4) + 0).
3, 11
Let z(k) = -k**3 + k**2 + k + 25. Let y be z(0). Suppose -3*b + y = -29. Suppose -6 = -2*p + b. What are the prime factors of p?
2, 3
Let l(d) = -2*d**2 + 19*d - 1. Let n(t) = -t**2 + 9*t - 1. Let x(m) = 4*l(m) - 9*n(m). Suppose 0 = -2*a - 5 + 15. What are the prime factors of x(a)?
5
Let a(u) = 6*u + 2. Let t be a(-2). Let f = t + 15. Suppose 0 = 3*v - 12, 0 = -0*z - f*z + v + 46. What are the prime factors of z?
2, 5
Let a(f) = -2*f + 137. List the prime factors of a(0).
137
Let b(g) = -5*g + 3*g + 19 + g. Let y be b(9). What are the prime factors of y - (-6)/(5 + -2)?
2, 3
Let n(b) = -b + 4. Let f = -24 - -42. Let x be (-1 + 0)*f/6. What are the prime factors of n(x)?
7
Let y be -7*-1*((-2)/1)/(-2). Let u(d) = -d**2 + d. Let c be u(0). Suppose c = y*f - 3*f - 32. What are the prime factors of f?
2
Suppose 3*s - 2*s - 5 = 0. Suppose -4*w = -s*w + 11. What are the prime factors of w?
11
Suppose -4*v + 16 = -4. Suppose -a + 12 = -v*x, -3*a + 2*x + x + 24 = 0. What are the prime factors of a?
7
Let k(l) = -2*l**2 - 8*l - 1. Let o(v) = 5*v**2 + 24*v + 2. Let s(r) = 8*k(r) + 3*o(r). Let c be ((-18)/(-15))/(1/5). List the prime factors of s(c).
2, 5
Let f be ((-74)/(-8))/(2/8). Let x = 65 - f. What are the prime factors of x?
2, 7
Let m(c) be the first derivative of 2*c**3 + 3*c**2/2 - 4*c + 2. What are the prime factors of m(2)?
2, 13
Let x = 43 + -23. Suppose -o + x = 6. Let h = -10 + o. List the prime factors of h.
2
Let q(i) = -i**2 - 7*i + 7. List the prime factors of q(-7).
7
Let z(c) = -55*c**3 + 2*c**2 - c - 2. What are the prime factors of z(-1)?
2, 7
Let p = -10 + 6. Let b(r) = r**2 + 3*r. List the prime factors of b(p).
2
Let q = 4 - 4. Let m(r) = -r**3 + 0*r + 4*r**2 + q*r**3 - 3*r. List the prime factors of m(2).
2
Suppose 0 = 2*p - 5*s + 25, -p - 5*s + 3 = -22. Suppose p = -3*f + 2 + 19. What are the prime factors of f?
7
Let f be -2 + (-4 + (-21)/(-6))*-28. Let j be 19/(-7) - 2/7. List the prime factors of (f/(-10))/(j/40).
2
Suppose 1 = -5*f - 3*m, 2*m - 6 + 0 = 0. List the prime factors of f*((-27)/2)/1.
3
Let q = -25 + 10. Let w = q + 9. Let y = w - -18. What are the prime factors of y?
2, 3
Let o(v) = -4*v**2 - v - 25. Let t(n) = -11*n**2 - 3*n - 76. Let j(i) = 8*o(i) - 3*t(i). List the prime factors of j(0).
2, 7
List the prime factors of 11 - (-9)/((-9)/2).
3
Suppose 5*f + 5*g = 0, -4*f + 0*f - 2*g + 8 = 0. Suppose f*y = 11 + 101. List the prime factors of y.
2, 7
Suppose 0 = -7*w + 2*w + 75. Suppose -5*g + 0*g + 3*v = -13, 5*g = 5*v + w. What are the prime factors of g?
2
Let m(a) = -6*a - 4. Let j(q) = -1. Let t(p) = -4*j(p) + m(p). What are the prime factors of t(-4)?
2, 3
Let o = -325 - -476. What are the prime factors of o?
151
What are the prime factors of (4/(-16)*-537)/((-3)/(-8))?
2, 179
Suppose -5*p = -2*n + 165, 3*p + 2*p = -5. What are the prime factors of n?
2, 5
Suppose -3*g + 4*a = g - 16, -3*g + 13 = -2*a. Suppose 7*s - g*s - 82 = 0. List the prime factors of s.
41
Suppose -d = -2*p - 97, 4*d + 2*p - 400 = 6*p. List the prime factors of d.
103
Let z(j) = j**3 - 11*j**2 - 14*j + 16. Let r be z(12). Let f = r + 36. What are the prime factors of f?
2, 7
Let l = 4 - 4. Suppose l*r - 6 = -3*r. What are the prime factors of r?
2
Suppose 0*o - o + 145 = 3*v, 3*o + 55 = v. List the prime factors of v.
7
Let a be 2/2 - 2 - -1. Suppose a = -3*g + g + 26. List the prime factors of g.
13
Let r be (-2)/4*9*2. Let x(t) = 2*t - 3. Let h be x(r). Let o = 34 + h. List the prime factors of o.
13
Let s be 34/2 - (-4 - -5). Let w(f) = -f**2 - 7*f - 1. Let n be w(-5). Let o = s - n. List the prime factors of o.
7
Let h(u) be the second derivative of u**6/360 - u**4/6 + 2*u. Let x(m) be the third derivative of h(m). What are the prime factors of x(2)?
2
Suppose -280 = 4*n - 8*n. List the prime factors of n.
2, 5, 7
What are the prime factors of 3 - 4 - (-37 - -1)?
5, 7
Suppose 3*z - 6 = 3*h, -z + 2 = h + h. Suppose -q = -h*q - 14. List the prime factors of q.
2, 7
Let m = -4 - -9. Let w(i) = 8*i - 3. Let d be w(2). Let x = d - m. List the prime factors of x.
2
Let n(l) = l**3 - 2*l**2 - 3*l + 3. Let x be n(3). Suppose 5 = -2*g + x, 4*a + 2*g - 54 = 0. What are the prime factors of a?
2, 7
Let f = -25 + 21. Suppose 2*h = 13 + 17. Let x = f + h. List the prime factors of x.
11
Let q = -49 + 112. What are the prime factors of q?
3, 7
Suppose 2*c - 176 = -0*c. List the prime factors of 2/(-7) + c/14.
2, 3
Let b be -13*1*(0 + -1). Let g = b + -9. Let x(c) = c**2 - 2*c - 5. What are the prime factors of x(g)?
3
Let l be 0*(0 + 0 - 1). Suppose l = -n + 51 - 15. What are the prime factors of n?
2, 3
Suppose -5*p = 6*r - r + 5, 0 = -4*p + 4*r + 4. Let u(m) = m**3 - m**2 + 14. What are the prime factors of u(p)?
2, 7
Let v be 12/(-4)*-3 + -3. Suppose 94 = v*n - 194. List the prime factors of n.
2, 3
Suppose 0 = 5*o + 41 - 146. What are the prime factors of o?
3, 7
Let w = -136 + 427. List the prime factors of w.
3, 97
Let g(t) = -14 + t - 9*t + 0*t + 4*t. List the prime factors of g(-10).
2, 13
Let q(b) = 19*b - 15. What are the prime factors of q(5)?
2, 5
Let v = -52 + 86. What are the prime factors of v?
2, 17
Suppose 0*i = -3*i + 12. Let u(q) = -5*q + 0*q + 5*q - 5 + 3*q. List the prime factors of u(i).
7
Let w = -1 + 8. Let x be (2 + -12)/(-2) - 1. Let m = w - x. What are the prime factors of m?
3
Let j(n) = 2*n**3 